= u + -39. Suppose 48 = -6*x - f*x. Give y(x).
5
Let i(b) = 15*b + 385545*b**2 - 192772*b**2 - 192775*b**2 - 1 - 18*b. Let r = 5 - 9. Calculate i(r).
-21
Let l(k) = -5*k**2 - 5*k**2 - 4*k**2 - 8*k**2 - 2*k + 15*k**2. What is l(-1)?
-5
Let t(v) = 4*v + 2 + 2*v - 7*v. Let x(l) = 44*l**2 - 72*l + 7. Let k(r) = 39*r**2 - 72*r + 7. Let u(n) = 6*k(n) - 5*x(n). Let s be u(5). Determine t(s).
5
Let q(v) = -v**2 - v + 3. Let p(t) = -t**2 - 2*t + 7. Let d(j) = -3*p(j) + q(j). Give d(-5).
7
Let p(m) = 49*m**2 - 7*m - 38*m**2 + 1 + 2 + 2*m**3 - 9 + 10. What is p(-6)?
10
Let t(l) = -1 - 5 - 3 + 4*l. Let j be (-814)/1221*21/(-2) - (-1 + 1). Give t(j).
19
Let y(m) = 11*m - 1070. Let z be y(97). Let w(c) = -2*c**2 + 7. Give w(z).
-11
Let c = -1 - -11. Let a be -8 + c - (-5)/(-1). Let g(u) = -u**3 - 4*u**2 - u + 3. Calculate g(a).
-3
Let f(s) = 23*s**3 - 87*s**2 - 126*s - 8. Let a(c) = 11*c**3 - 43*c**2 - 57*c - 4. Let q(i) = -13*a(i) + 6*f(i). Determine q(7).
-3
Suppose 15*c + 2085 - 2085 = 0. Let u(y) = y**2 + 2*y + 12. Give u(c).
12
Suppose 19 = -2*i + 15. Let t be 20/8 + i + 6/4. Suppose 0 = -3*y + 2*z - 19, -5*y + 0*z + t*z = 25. Let j(u) = -4*u. Calculate j(y).
12
Let b(f) = 5*f - 19. Let n(a) = -151*a - 299. Let p be n(-2). Calculate b(p).
-4
Let c(q) = -135*q**2 + 1 + 291*q**2 - 155*q**2 + 20*q. What is c(-17)?
-50
Suppose -4*m + 39 = -o, 5*m + 4*o - 74 + 20 = 0. Let u be (m/(-6) + 1)*-3. Let l(i) = 272547 - 272545 - 2*i - i. Calculate l(u).
-4
Let y(s) = -s + 6. Suppose -19*j + 24*j - 25 = 0. Suppose j*z = -7*z - 72. What is y(z)?
12
Let u(m) = 9*m**2 + 12*m**2 - 102 - 35*m - 12*m - 4*m + m**3. Give u(-23).
13
Let t = -26 + 53. Suppose -8*h - 11 + t = 0. Let j(z) = -z + 5*z - 1 + h*z - 5*z. Determine j(-5).
-6
Suppose s - 5*s - 12 = 0. Let r(o) = 1123*o + 1. Let x(f) = 1263*f + 2. Let y(q) = 9*r(q) - 8*x(q). Determine y(s).
-16
Let h(c) = -135*c + 3932. Let i be h(29). Let l(p) = -p - 6. Determine l(i).
-23
Let h(o) = -o**3 + 11*o**2 - 11*o + 15. Let v(j) = j**3 + 10*j**2 + 16*j - 2. Let d be v(-8). Let y(z) = 16*z**2 + 29*z + 4. Let q be y(d). Give h(q).
5
Let f(g) be the second derivative of -g**3/2 + 17*g**2 + 2562*g. Determine f(3).
25
Let r(t) = 6*t + 42. Suppose -2 - 70 - 19 = 7*l. Determine r(l).
-36
Let z be (-21)/6*(-159 + 157). Let a(h) = h**2 - 12*h + 24. Determine a(z).
-11
Let j(n) = 12*n**3 + 13*n**2 + 5*n + 26. Let y(d) = 19*d**3 + 19*d**2 + 8*d + 40. Let i(v) = 8*j(v) - 5*y(v). What is i(-9)?
8
Let m(q) = -11*q**3 - 31*q**2 + 89*q - 64. Let z(j) = -3*j**3 - 8*j**2 + 23*j - 16. Let c(k) = 4*m(k) - 15*z(k). Determine c(6).
122
Let h(v) = v**2 - 5*v - 3. Let c be 5/2 - 12*3/(-24). Let t be h(c). Let z(q) = q**3 + 6*q**2 - 7*q + 2. What is z(t)?
2
Let t(y) = 8*y + 49. Suppose -4*f - 2*j - 18 = 0, 4*f - 12*j + 9*j = -23. What is t(f)?
9
Let g = -29 + 31. Let a(l) = 0*l + 10 - 2 + g*l**2 - 4*l + 0*l. Let c(f) = 1. Let q(p) = a(p) - 4*c(p). What is q(3)?
10
Let o(m) = m - 22. Let s(l) be the third derivative of 5*l**3/6 - 40*l**2. Let v(n) = 2*o(n) + 9*s(n). Suppose -4*q + 13 = -7. What is v(q)?
11
Let d(s) be the first derivative of 11*s**2/2 - 30*s + 4977. What is d(-13)?
-173
Let f(x) = x**2 + 13*x - 6. Let v(y) = -y**2 - 68*y - 76. Let b be v(-67). Calculate f(b).
-42
Let z(m) = -100*m + 5. Let g(v) = -v**2 - 38*v + 4262. Let c be g(49). What is z(c)?
105
Let q(x) = -14*x - 8. Let v be 440/(-80)*(-42)/(-77). Determine q(v).
34
Let s(x) = 5*x**3 - 2*x**3 - 3*x + 4*x - 8*x**2 + 9 - 4*x**3. Let v = 3 - -11. Let a = v + -22. Calculate s(a).
1
Let h(r) = -1 + 0*r - r - 1 + 2*r. Let t = -103 + 38. Let q = t + 70. What is h(q)?
3
Let g = -23178 + 23175. Let y(w) = -w**2 - 6*w + 2. Let s(x) = -4*x**2 - 24*x + 7. Let i(z) = 2*s(z) - 9*y(z). Determine i(g).
-13
Let r(w) be the second derivative of -w**4/12 - 2*w**3/3 - 2*w**2 + 6*w. Suppose -13*o + 14 = -2*b - 9*o, -4*b + 3*o = 18. Calculate r(b).
-1
Let x(h) be the first derivative of h**2 - 6*h - 3. Suppose -65*z = -64*z - 6. Suppose -z*g - 36 = -4*c - 10*g, 5*g - 13 = 3*c. Give x(c).
2
Let h(v) = 4 + 3*v - 2 - 4*v. Suppose 4*a - 4 = 0, -51*j = -56*j - 3*a - 17. Calculate h(j).
6
Let c(o) be the first derivative of -27*o**2/2 - 343*o - 3500. Give c(-13).
8
Let b be (-20 - 2384/(-120)) + (-2)/(-15). Let h(a) = -a**2 - 2*a - 17. What is h(b)?
-17
Let o(f) = -500*f - 26. Let i be o(1). Let l = 534 + i. Let m(p) = -p + 13. Calculate m(l).
5
Let k(j) = -11*j - 22. Suppose 5*y = -6*f - 27, 12*f - 8*f + 16 = -4*y. Determine k(f).
55
Let h(a) be the second derivative of -a**5/20 + 5*a**4/6 - a**3/6 + 7*a**2/2 + 7*a. Let k be -2 + 50/15 + (-236)/6. Let d = k + 48. Determine h(d).
-3
Let d = 355 - 353. Let i(o) be the first derivative of 0*o + 3 - 1/2*o**d. Calculate i(-6).
6
Let r(y) = -29*y - 24316*y**2 + 8109*y**2 + 8108*y**2 + 8100*y**2 + 204. What is r(11)?
6
Suppose -r - 87 = -3*h - 0*r, -2*h + r + 58 = 0. Let m(t) = 5*t - 141. Give m(h).
4
Let k(a) be the third derivative of 5*a**4/12 - 16*a**3/3 - 32*a**2 - 3. Determine k(10).
68
Suppose 571 = 4*w + 10571. Let u be ((-10)/7 - -1) + w/700. Let h(x) = 3 - 2 - 2 - x. Determine h(u).
3
Let d(c) = 3*c**2 + 2*c. Let o(s) = -s + 15. Let g be 100/(-36) + 3 + 158/18. Let h be o(g). Let k(v) = v**3 - 7*v**2 + 5*v + 8. Let j be k(h). Give d(j).
16
Let c(m) = m**3 + 83*m**2 + 794*m + 138. Let j be c(-72). Let q(r) = -r**3 + 21*r**2 + 165*r + 16. Determine q(j).
-2
Let o(v) = -42*v + 5. Let d be o(-1). Let p = -22 + d. Suppose 4*g = 9*g + p. Let c(z) = -z**2 - 2*z - 2. Calculate c(g).
-17
Suppose -4*l - v = 1052 + 1547, v + 1297 = -2*l. Let j = 661 + l. Let u(i) = i**3 - 11*i**2 + 10*i + 5. Calculate u(j).
5
Let m(i) = 3*i - 22. Suppose -9*u + 14 = -7*u. Let t be m(u). Let s(w) = -4*w**3 - 2*w**2 - w. What is s(t)?
3
Suppose 0 = 3*p - 2*j - 56 + 60, -5*p = -3*j + 6. Let k(x) = -2*x - 18. Calculate k(p).
-18
Suppose 0 = -2*r + 3 + 7. Suppose -11 = b - 15. Suppose 5*l = -t + r, -5*t - 4*l - b = 13. Let q(u) = -u**2 - 3*u + 6. Calculate q(t).
-4
Let o = -5163 + 5151. Let q(v) = -6*v**2 - 69*v + 33. Give q(o).
-3
Let g(o) = 34 - 118 - 79*o + 21 + 30 + 32. Determine g(-1).
78
Let q(c) be the second derivative of -c**5/20 - 11*c**4/12 - 7*c**3/3 + 37*c**2/2 + 519*c. Determine q(-9).
1
Let r(m) = 5*m + 4. Let s be (-23 - -18)*(-1 + 3 + -1). Let k(t) = 11*t + 9. Let z(d) = s*r(d) + 2*k(d). What is z(-3)?
7
Let o = 12 + -7. Let v(z) be the third derivative of -z**4/8 + z**3 + z**2 + 2199*z. Calculate v(o).
-9
Let a(g) = -g**3 - 7*g**2 + 1. Let k(s) = -s**2 - 6*s - 7. Let i be k(-5). Let j(d) = d**3 - d + 1. Let p(l) = i*j(l) - a(l). Let n = 174 - 167. Calculate p(n).
11
Let u be -1*2*5/(-2). Let f(d) = -18. Let c(v) = v + 101. Let a(w) = c(w) + 6*f(w). Determine a(u).
-2
Suppose -j = 10 - 38. Let a = -25 + j. Let c(z) = -z**3 + 2*z**2 + 7. Let k be c(a). Let s(t) = 2*t**3 + 3*t**2. Determine s(k).
-4
Let w(z) = 2*z**2 + 47*z - 9. Let x(b) = b**2 + 17*b - 4. Let s(k) = 2*w(k) - 7*x(k). What is s(-9)?
-8
Let k(m) = 5*m**3 - 37*m**2 + 10*m - 14. Let q(x) = 2*x**3 - 14*x**2 + 3*x - 5. Let o(c) = 3*k(c) - 8*q(c). Determine o(5).
-72
Let s(l) = -13*l**2 + 4*l - 3. Let k be s(1). Let r(a) = -a**3 - 12*a**2 + 3*a + 30. Calculate r(k).
-6
Let k(t) = t**2 + 11*t. Let o = 3092 + -3102. Calculate k(o).
-10
Let l(j) be the first derivative of 13*j**4/4 + 3*j**3 + 7*j**2/2 - 6*j + 6. Let y(c) = -11*c**3 - 8*c**2 - 6*c + 5. Let n(a) = -6*l(a) - 7*y(a). What is n(2)?
1
Let i(n) = 89*n - 394*n + 101*n + 103*n - 11 + 97*n. Give i(7).
-39
Let w(t) = -4*t**3 - 5*t**2 + 9*t - 20. Let j(v) = -3*v**3 - 4*v**2 + 8*v - 17. Let f(i) = -5*j(i) + 4*w(i). What is f(-4)?
85
Let t(a) = a**3 + 6*a**2 + 2*a + 3. Suppose 3*n + 1 = 2*o + 2, -31 = -4*o - 5*n. Suppose 0 = o*d + 25 - 169. Let x be -5*(d/(-20) - -3). Calculate t(x).
-9
Let u = -58701 + 58696. Let h(j) = -j. Let d(c) be the second derivative of c**3/6 + c**2/2 - 2*c. Let l(m) = -2*d(m) - h(m). Calculate l(u).
3
Let j(v) = -9*v**2 + 2. Let m be (-7)/((-21)/51) + 0. Suppose -5*x - 5*n = m + 18, 5*x = -2*n - 20. Determine j(x).
-34
Let h(q) = -486 - 277*q - 1248 + 356. Calculate h(-5).
7
Let r(x) be the second derivative of -x**3/3 - 5*x**2/2 - x + 45. Let s = -12 + 21. What is r(s)?
-23
Let o(l) = 3071*l**3 - 6135*l**3 + 4*l + 27 + 3063*l*